lculate the highest common factor of 4763 and 27379889.
433
Calculate the greatest common divisor of 6756802 and 529.
23
Calculate the highest common factor of 105 and 35560980.
105
What is the greatest common factor of 1473 and 2026357?
491
Calculate the highest common factor of 8 and 3603448.
8
What is the greatest common divisor of 7997 and 1728947?
11
What is the greatest common divisor of 37 and 11794897?
37
Calculate the greatest common divisor of 942 and 370051041.
471
What is the greatest common factor of 68 and 99450748?
68
Calculate the highest common divisor of 8152 and 205051332.
4076
Calculate the highest common divisor of 8007 and 1551945.
471
What is the greatest common divisor of 22284855 and 99963?
3447
What is the greatest common factor of 5188 and 9308569?
1297
What is the greatest common divisor of 794617 and 53789?
149
Calculate the highest common factor of 98 and 28994602.
14
Calculate the highest common factor of 4402828 and 2.
2
What is the highest common factor of 1061835 and 60?
15
What is the highest common divisor of 10752 and 23497728?
1536
Calculate the greatest common factor of 13940 and 74687732.
2788
What is the highest common factor of 200 and 5003240?
40
Calculate the highest common divisor of 190679 and 52499.
47
What is the highest common factor of 81647840 and 180?
20
What is the highest common factor of 114512 and 35754688?
6736
What is the highest common divisor of 913 and 2692316?
11
Calculate the highest common factor of 13824 and 56970.
54
What is the greatest common divisor of 44517 and 421971?
627
Calculate the highest common divisor of 128 and 2278448.
16
What is the greatest common factor of 64040 and 7736?
8
Calculate the greatest common divisor of 56000 and 18959500.
3500
Calculate the greatest common divisor of 116100 and 8871900.
300
Calculate the highest common factor of 336 and 335778.
6
What is the highest common divisor of 521752 and 323312?
968
Calculate the greatest common factor of 2684796 and 101218.
458
What is the highest common factor of 250 and 13295375?
125
Calculate the highest common divisor of 99545677 and 77.
77
What is the greatest common factor of 17556 and 36366?
1254
What is the greatest common factor of 658 and 1424948?
14
Calculate the greatest common factor of 417 and 297522.
3
What is the greatest common divisor of 616 and 521395?
7
Calculate the greatest common divisor of 14042 and 56542.
34
Calculate the highest common factor of 1445906 and 2870.
574
Calculate the greatest common divisor of 15912192 and 768.
768
What is the highest common divisor of 11348652 and 259?
7
What is the greatest common divisor of 4472 and 138658?
26
Calculate the greatest common divisor of 152 and 7287944.
152
Calculate the greatest common factor of 2484440 and 42560.
5320
Calculate the highest common factor of 3136 and 140512.
32
What is the highest common factor of 26315266 and 1702?
46
Calculate the greatest common divisor of 25890462 and 3510.
702
Calculate the highest common divisor of 10787 and 67459.
161
Calculate the greatest common factor of 35284821 and 156.
39
Calculate the greatest common divisor of 730059610 and 19.
19
What is the greatest common factor of 405902 and 128?
2
What is the greatest common factor of 358 and 4166941?
179
Calculate the greatest common divisor of 11600595 and 180.
45
What is the highest common divisor of 500188 and 5824?
52
Calculate the highest common divisor of 215821773 and 774.
387
Calculate the greatest common factor of 9725044 and 10580.
92
What is the highest common divisor of 58920636 and 3504?
876
What is the greatest common divisor of 1720 and 64188680?
1720
Calculate the greatest common divisor of 10355 and 19372495.
95
Calculate the greatest common divisor of 8 and 6131144.
8
Calculate the greatest common divisor of 636 and 66492051.
159
Calculate the greatest common factor of 176412 and 1891.
61
What is the highest common factor of 105728 and 3078656?
1792
What is the highest common factor of 1643150 and 280?
10
Calculate the greatest common divisor of 3248 and 8445206.
406
Calculate the highest common divisor of 49820 and 18328460.
1060
What is the highest common divisor of 213 and 118130368?
71
What is the greatest common factor of 16433316 and 18?
18
What is the highest common divisor of 302592 and 8779896?
4728
Calculate the greatest common factor of 6701 and 1102522231.
6701
What is the highest common factor of 135251 and 103842?
641
Calculate the highest common divisor of 372978 and 1341.
9
Calculate the greatest common factor of 31 and 370953409.
31
Calculate the highest common factor of 30164853 and 1614.
807
Calculate the highest common factor of 19635 and 47345.
85
What is the highest common divisor of 432 and 1440496?
16
Calculate the highest common divisor of 1496989 and 2171.
13
What is the highest common divisor of 5206 and 741342?
38
What is the highest common factor of 1967944 and 760?
152
What is the highest common factor of 3353 and 7193143?
479
What is the greatest common divisor of 27600 and 2300160?
240
Calculate the highest common divisor of 145124900 and 60.
20
What is the greatest common divisor of 1167247 and 249514?
1709
Calculate the greatest common divisor of 12851320 and 10200.
680
What is the greatest common factor of 1154 and 12514?
2
Calculate the greatest common divisor of 390 and 1226592.
6
What is the highest common divisor of 160 and 1086798688?
32
What is the highest common divisor of 110 and 15304146?
22
Calculate the greatest common divisor of 1400 and 2360120.
280
What is the greatest common factor of 24798596 and 142?
142
What is the greatest common divisor of 46 and 3216987?
23
Calculate the highest common factor of 1260 and 22616370.
630
What is the greatest common factor of 9116877 and 2989?
427
Calculate the greatest common factor of 13536334 and 3634.
158
What is the highest common divisor of 34193602 and 1018?
1018
Calculate the highest common factor of 4849 and 312947.
373
What is the highest common factor of 9505704 and 3744?
312
What is the highest common divisor of 3046351 and 77?
77
What is the highest common factor of 550 and 533432350?
550
Calculate the highest common factor of 208 and 8754434.
26
What is the highest common factor of 1360 and 9365028?
68
What is the greatest common factor of 1364 and 14577409?
341
Calculate the greatest common divisor of 57840 and 149902.
482
What is the greatest common factor of 17149 and 63877?
11
What is the highest common factor of 1350 and 1932750?
450
What is the greatest common divisor of 11539 and 368511?
11
Calculate the greatest common factor of 6579810 and 810.
90
What is the greatest common divisor of 74908584 and 6?
6
What is the greatest common factor of 5355 and 55746621?
1071
What is the greatest common factor of 70245 and 875?
35
What is the highest common divisor of 260499564 and 117?
117
Calculate the highest common factor of 108175795 and 140.
35
Calculate the highest common divisor of 17024332 and 1534.
1534
What is the greatest common divisor of 165148 and 34101504?
3116
Calculate the highest common divisor of 38047137 and 279.
93
Calculate the highest common factor of 128879827 and 695.
139
What is the highest common factor of 408367190 and 16995?
5665
What is the greatest common factor of 1110 and 9792642?
222
Calculate the greatest common divisor of 1053241 and 307748.
2653
What is the greatest common divisor of 317115 and 706440?
435
Calculate the highest common divisor of 3223052 and 2043524.
1652
Calculate the greatest common divisor of 479993 and 336775.
709
What is the highest common factor of 1166025 and 1050?
525
What is the greatest common factor of 46409282 and 826?
118
Calculate the highest common factor of 829602 and 80229.
1707
Calculate the highest common factor of 1600094650 and 1100.
550
Calculate the greatest common factor of 148895 and 127405.
1535
What is the greatest common factor of 97126248 and 216?
24
What is the highest common factor of 99301633 and 4204?
1051
What is the greatest common factor of 5862351 and 781?
11
Calculate the greatest common factor of 17412010 and 30.
10
Calculate the highest common divisor of 2868943 and 51689.
407
What is the highest common divisor of 285787 and 646?
17
Calcul